19).
6
Let k(u) = 14*u + 421. What is k(-15)?
211
Let a(u) = -u**3 - 3*u**2 + 69*u + 7. Determine a(-10).
17
Let w(o) = -18*o**3 + 3*o**2 + 18*o + 4. Give w(-3).
463
Let a(p) = -p**2 - 6729*p + 229934. What is a(34)?
-8
Let a(s) = -s**2 - 638*s + 2. Give a(0).
2
Let x(n) = -n**2 + 340*n + 2082. Determine x(-6).
6
Let z(m) = -11*m + 331. Calculate z(28).
23
Let f(m) = -47*m - 1837. Calculate f(-39).
-4
Let c(w) = w**3 - 8*w**2 - 10*w + 62. Determine c(3).
-13
Let j(i) = -1274*i - 2413. Determine j(-2).
135
Let p(v) = 20*v**2 + 101*v + 17. Give p(-5).
12
Let t(h) = -2*h**3 - 96*h**2 - 184*h - 111. Determine t(-46).
-111
Let x(v) = -157*v**2 + 140*v + 10. Determine x(1).
-7
Let k(g) = -431*g + 26295. Calculate k(61).
4
Let d(b) = -b**2 - 87*b + 6842. Calculate d(50).
-8
Let s(v) = 31*v - 1038. Calculate s(44).
326
Let m(k) = -k**3 + 5*k**2 - 13*k + 28. Give m(5).
-37
Let u(z) = 273*z**2 - 38*z - 37. Determine u(-1).
274
Let k(s) = -s**3 - 8*s**2 + 207*s - 4. Give k(-19).
34
Let u(k) = -19*k + 82. Determine u(13).
-165
Let x(u) = -u**2 - 71*u - 797. What is x(-14)?
1
Let s(r) = 15*r**2 + 42*r + 21. Calculate s(-1).
-6
Let m(d) = -478*d**2 - 2884*d - 102. Determine m(-6).
-6
Let r(b) = 7*b**3 - 166*b + 336. Calculate r(2).
60
Let j(n) = 115*n**2 + 75*n - 73. Calculate j(1).
117
Let k(g) = 9*g**2 + g - 15. Determine k(0).
-15
Let i(g) = 7*g**3 - 43*g**2 - 34*g + 237. Determine i(6).
-3
Let w(t) = -2*t**2 - 207*t - 2170. What is w(-12)?
26
Let l(g) = 19*g**2 + 591*g - 89. Calculate l(-31).
-151
Let t(a) = -5*a**3 - 11*a**2 + 5*a + 3. What is t(-2)?
-11
Let n(m) = -m**2 + 110*m + 225. Calculate n(-2).
1
Let m(z) = z**3 + 14*z**2 + 121*z + 1208. What is m(-12)?
44
Let n(t) = -306*t + 615. Give n(2).
3
Let p(m) = m**2 - 2*m - 267. Give p(-15).
-12
Let u(b) = 304*b + 17020. Give u(-56).
-4
Let f(o) = 2*o**2 - 59*o + 272. What is f(24)?
8
Let w(t) = t**2 + 28*t - 485. Determine w(-40).
-5
Let o(k) = -k**2 + 11*k - 74. Calculate o(22).
-316
Let s(i) = -24*i - 90. Give s(-4).
6
Let i(a) = -a**2 + 506*a - 3486. Give i(7).
7
Let q(a) = -2*a**3 - 93*a**2 - 45*a + 53. What is q(-46)?
7
Let u(f) = -f**3 - 31*f**2 - 31*f - 26. Give u(-30).
4
Let i(v) = 2*v**2 + 319*v + 2471. Give i(-151).
-96
Let d(s) = s**3 + 52*s**2 - 57*s - 180. Give d(-53).
32
Let z(s) = -5*s**2 - 102*s - 31. What is z(-20)?
9
Let k(f) = 24*f**3 - 63*f**2 - 6*f - 4. Determine k(3).
59
Let r(o) = o**3 - 13*o**2 - 29*o - 2. Calculate r(15).
13
Let y(j) = 11*j**3 - 65*j**2 - 15*j + 59. Determine y(6).
5
Let q(j) = -11*j + 557. What is q(34)?
183
Let j(r) = 6*r**3 - 8*r**2 - 9*r + 4. Calculate j(-2).
-58
Let i(r) = -r**3 - 5*r**2 + 20*r + 18. What is i(-8)?
50
Let k(l) = -l**3 + 6*l**2 + 27*l - 84. What is k(8)?
4
Let j(q) = 1471*q + 29419. Give j(-20).
-1
Let i(w) = 2*w**3 + 66*w**2 - 2*w - 57. Give i(-33).
9
Let h(z) = 3*z + 77. Determine h(-24).
5
Let u(g) = g**2 - 95*g + 280. What is u(3)?
4
Let s(y) = -122*y - 2590. Determine s(-21).
-28
Let p(h) = 36*h + 7. What is p(-1)?
-29
Let h(c) = 2*c**2 - 29*c - 66. Give h(16).
-18
Let f(y) = y**3 - 19*y**2 - 12*y + 206. Calculate f(19).
-22
Let n(h) = 118*h - 100. Determine n(-1).
-218
Let w(h) = -19*h - 99. Determine w(1).
-118
Let l(r) = -2*r**3 - 192*r**2 - 9*r - 826. Give l(-96).
38
Let l(s) = -1257*s + 7547. What is l(6)?
5
Let z(p) = -53*p + 1005. Determine z(19).
-2
Let k(x) = 28*x**2 - 1123*x + 128. Calculate k(40).
8
Let k(q) = -2*q**2 - 4*q + 16. What is k(-3)?
10
Let x(b) = -b**2 + 19*b - 423. What is x(0)?
-423
Let r(g) = 7*g**3 - 4*g**2 - 6*g - 4. Give r(-3).
-211
Let a(k) = -38*k - 305. Determine a(-8).
-1
Let k(d) = 21*d**2 + 595*d + 4204. Give k(-15).
4
Let g(i) = -2*i**3 + 18*i**2 + 8*i + 30. Calculate g(9).
102
Let k(d) = -26*d + 633. Give k(22).
61
Let z(k) = -8*k**2 - 584*k + 1151. Give z(2).
-49
Let z(l) = -47*l + 403. Calculate z(6).
121
Let g(b) = b**2 - 133*b + 4263. Give g(79).
-3
Let p(b) = 5*b**3 + 58*b**2 + 39*b + 82. What is p(-11)?
16
Let w(c) = -69*c - 3999. Give w(-58).
3
Let d(o) = 2*o**3 - 13*o**2 + 12*o + 1. Determine d(4).
-31
Let n(v) = v**3 - 178*v**2 + 522*v + 535. Give n(175).
10
Let l(v) = 2*v**3 - 183*v**2 - 109*v + 1565. What is l(92)?
1
Let l(w) = -5*w**2 + 175*w + 53. Give l(35).
53
Let m(r) = 798*r + 12030. Determine m(-15).
60
Let b(x) = x**3 + 12*x**2 + 25*x + 23. Determine b(-10).
-27
Let x(k) = 300*k - 1221. Calculate x(4).
-21
Let p(o) = -20*o**2 + 77*o - 83. Give p(4).
-95
Let m(u) = -2*u**3 + 44*u**2 + 47*u - 30. Calculate m(23).
-7
Let p(r) = -r**2 + 68. What is p(20)?
-332
Let c(t) = 2*t**2 + 288*t + 1140. Calculate c(-4).
20
Let j(v) = v**2 + 13*v + 15. Determine j(0).
15
Let h(x) = -x**3 + 12*x**2 + 129*x - 17. What is h(-7)?
11
Let h(c) = c**3 - c**2 - 34*c + 33. Give h(6).
9
Let g(q) = q**3 + 6*q**2 + 2192*q + 10933. Give g(-5).
-2
Let a(i) = -91*i**2 - 4*i + 4. Give a(2).
-368
Let k(h) = 45*h - 4810. Calculate k(107).
5
Let o(b) = -113*b - 4426. Calculate o(-39).
-19
Let i(s) = -7*s**3 + 4*s**2 + 3*s - 4. Give i(2).
-38
Let w(i) = 3*i**2 - 1074*i + 14455. What is w(14)?
7
Let x(i) = 2*i**3 - 31*i**2 + 11*i - 21. Calculate x(15).
-81
Let u(l) = 5*l + 332. Give u(-12).
272
Let o(l) = 68*l + 38. Determine o(-4).
-234
Let f(r) = -22*r - 206. What is f(-12)?
58
Let j(k) = -19*k**3 - 9*k**2 - k + 11. Calculate j(-2).
129
Let t(h) = 7*h**2 + 2*h + 1. Calculate t(2).
33
Let b(j) = -2*j**2 + 1331*j - 2658. Calculate b(2).
-4
Let b(c) = -c**3 + 19*c**2 - 27*c + 549. Give b(19).
36
Let n(f) = f**2 + 20*f + 34. Calculate n(-15).
-41
Let o(m) = 60*m + 227. Give o(-11).
-433
Let v(h) = 21*h - 125. What is v(9)?
64
Let y(m) = -5*m**3 - 33*m**2 + 23*m + 29. Calculate y(-8).
293
Let d(b) = 4*b**2 + 23*b - 350. What is d(-13)?
27
Let a(z) = -77*z - 761. What is a(-11)?
86
Let m(o) = o**3 + 14*o**2 - 45*o - 846. What is m(-10)?
4
Let r(a) = -61*a + 1983. Calculate r(41).
-518
Let x(c) = 44*c + 832. Calculate x(-19).
-4
Let u(q) = 260*q - 808. Give u(3).
-28
Let u(v) = 147*v + 11611. Determine u(-79).
-2
Let q(v) = -149*v + 1049. Determine q(8).
-143
Let k(m) = 63*m - 1069. Calculate k(18).
65
Let l(b) = -331*b - 7599. Calculate l(-23).
14
Let i(l) = 3*l**2 - 72*l - 215. What is i(-3)?
28
Let c(r) = -3*r**2 + 44*r - 21. Give c(8).
139
Let s(b) = 71*b**2 - 568*b + 7. Determine s(8).
7
Let s(j) = j**3 + 108*j**2 - 106*j + 318. Give s(-109).
-9
Let u(w) = -w + 37. Determine u(-12).
49
Let v(c) = 2*c**2 - 62*c - 628. Give v(39).
-4
Let r(v) = -41*v + 466. Calculate r(12).
-26
Let t(r) = 10*r**2 + 120*r - 11. Give t(-12).
-11
Let m(c) = c**2 + 78*c + 775. Determine m(-12).
-17
Let n(p) = -p**2 + 14*p - 50. Determine n(9).
-5
Let i(c) = -999*c**2 - 55*c + 53. Give i(1).
-1001
Let s(a) = -2*a**2 + 37*a + 72. What is s(22)?
-82
Let f(x) = -3*x**2 + 50*x + 10121. Calculate f(67).
4
Let c(r) = -6*r - 30. Determine c(-5).
0
Let x(y) = 25*y - 152. Determine x(6).
-2
Let d(w) = -2254*w - 11289. Determine d(-5).
-19
Let g(t) = -t**2 - 16*t + 24. Determine g(-28).
-312
Let g(d) = -3*d**3 - 103*d**2 - 35*d - 102. Calculate g(-34).
-68
Let p(w) = w**2 - 84*w - 798. Calculate p(-9).
39
Let c(r) = -2*r**2 + 438*r + 11656. Give c(243).
-8
Let i(v) = -25*v + 40. Give i(7).
-135
Let z(w) = w**2 - 25*w + 108. Calculate z(6).
-6
Let x(p) = 302*p + 3318. Calculate x(-11).
-4
Let i(p) = -2*p**2 + 1204*p - 15310. Give i(13).
4
Let o(l) = l**2 + l - 611. Calculate o(19).
-231
Let g(j) = -j**2 + 8*j + 218. What is g(-11)?
9
Let y(g) = -3*g**3 - 167*g**2 - 110*g. Determine y(-55).
0
Let v(c) = c**2 - 3734*c - 109135. Calculate v(-29).
-8
Let t(w) = -407*w - 4598. Determine t(-11).
-121
Let q(d) = 3*d**2 + 123*d - 1370. Calculate q(-50).
-20
Let j(y) = 102*y + 795. Calculate j(-7).
81
Let s(v) = -84*v**2 + 37*v + 35. What is s(-1)?
-86
Let u(c) = -5*c**3 + 163*c**2 + 62*c + 102. Give u(33).
-30
Let s(r) = 30*r**3 - 553*r**2 + 551*r + 2. Calculate s(1).
30
Let p(q) = -q**3 + q**2 + 12*q + 6. Give p(-3).
6
Let a(c) = -c**3 - 42*c**2 - 47*c - 214. Determine a(-41).
32
Let v(g) = -22*g**3 + 2*g**2 + 6*g + 2. Calculate v(-3).
596
Let t(g) = 1239*g - 3636. Give t(3).
81
Let f(b) = 1062*b + 50. Give f(0).
50
Let y(q) = q**2 + 30*q + 19. Give y(-30).
19
Let y(o) = 109*o + 693. What is y(-7)?
-70
Let a(l) = -2*l**2 - 98*l + 661. What is a(6)?
1